pose 4*p + 5*d - 45 = 110, -10 = 2*d. Suppose -5*r + 101 = 26. Calculate the highest common divisor of p and r.
15
Let a be 1*-15 - (0 + -1). Let d = -7 - a. Let k(m) = m + 9. Let g be k(d). What is the highest common factor of g and 16?
16
Let n(u) = -3*u + 10 + 4*u - 6*u. Let t be n(-9). Suppose -8 = -4*o + 4*y, 3*o = 4*o + 4*y - 17. What is the highest common divisor of t and o?
5
Suppose 44 = 5*q + 4*s, -q + 3*s = q - 13. Let l be ((-4)/6)/((-3)/144). What is the greatest common divisor of l and q?
8
Suppose 6*s = 2*s + 2*k + 320, 5*s + 2*k = 382. Calculate the highest common divisor of 195 and s.
39
Let l = 76 + -16. Let j be (2/(-6))/(10/(-360)). Calculate the greatest common divisor of j and l.
12
Suppose -5*s - 10 = -95. Suppose -4*w = d - 203, 2*d - 3*w = -0*w + 362. What is the highest common factor of s and d?
17
Let a(n) = -n - 4. Let r be a(-4). Suppose -g + v - 4 = r, -3*v = 2*g - v. Let u be 2 + (-3 - g)*-78. Calculate the highest common divisor of 20 and u.
20
Suppose 2*c - 76 = -5*p + 25, 3*p - 5*c = 42. Calculate the greatest common divisor of p and 19.
19
Suppose -2*h - 3*h - 2*c - 1123 = 0, -3*h + 3*c - 678 = 0. Let z be ((-4)/(-10))/((-5)/h). Calculate the greatest common factor of 18 and z.
18
Let a be 13 + -1 + -2 - 4. What is the greatest common divisor of 42 and a?
6
Suppose 71 + 37 = 3*f. Suppose 8*a - 10*a = -f. Calculate the greatest common divisor of a and 45.
9
Let p(w) = w**2 - 12*w + 8. Let y be p(10). Let n be (46/(-4))/(6/y). Calculate the highest common factor of n and 161.
23
Suppose q = u - 3, -4*u + 7 + 6 = -3*q. Suppose 0 = -b + 4*p + 24 - q, 4*b - p - 62 = 0. Suppose -4*s + 19 = -21. What is the highest common divisor of b and s?
5
Let r(s) = 21*s**2 + 2*s. Suppose q - 2 = -0*q. Let b be r(q). Calculate the highest common factor of b and 11.
11
Suppose c = -0*c + 11. Suppose -f = k - c, -5*k - 6*f = -4*f - 58. Calculate the highest common factor of 6 and k.
6
Let o be (-14)/(1*(1 + -2)). Let t be 6*(2 - (-1)/3). Calculate the highest common factor of t and o.
14
Let o(p) = p**2 - p + 3. Let u be o(3). Let z = 3 - -6. What is the highest common factor of z and u?
9
Let k(p) = 6*p**2 - 3*p + 2. Let j be k(2). What is the greatest common divisor of j and 220?
20
Suppose -3*o = -8 + 2. Let h be 3 + -3 + (-178)/o. Let w = -19 - h. What is the greatest common factor of w and 10?
10
Suppose 3*f - 10*s = -12*s + 65, f = 5*s + 33. Let v = 78 + -55. What is the greatest common factor of v and f?
23
Let m = 85 + -46. Suppose 4*a - 1 = m. Calculate the highest common factor of a and 80.
10
Let d be (-1)/((-2)/30*1). Suppose 5*r + n = 11, -4*n = 5*r + 1 - d. Calculate the greatest common factor of 18 and r.
2
Let y(g) = -g**3 + 4*g**2 - g - 2. Let h be y(2). Let x be -6*(1 + (-6)/h). Calculate the greatest common factor of x and 21.
3
Let v(o) = o**3 - 8*o**2 - 11*o + 21. Let u be v(9). Calculate the highest common divisor of 12 and u.
3
Let y(q) = -q - 10 + 0*q + 4. Let c be y(-6). Suppose c*z - 15 = -3*z. Calculate the highest common divisor of z and 35.
5
Suppose -2*f - 165 = -7*f. Calculate the highest common factor of f and 3.
3
Suppose -n = -k + 3 + 1, 4*k = -2*n - 2. Suppose 4*j + j = -3*s + k, 0 = j - 5*s - 17. Calculate the highest common divisor of 22 and j.
2
Let s be (-1)/((-6)/(-2))*-39. Calculate the highest common divisor of 39 and s.
13
Let a = -46 - -136. Let q be 9 - 0/(4/2). What is the highest common factor of a and q?
9
Let f(h) = h**2 + 2*h - 6. Let c be f(-5). Suppose 0 = -4*k - 3 - c. Let p = 4 + k. What is the greatest common divisor of 11 and p?
1
Suppose -4*l = 4*i - 764, 0 = -5*i - 4*l + 395 + 558. What is the greatest common factor of 21 and i?
21
Suppose 0 = -6*m + 11 + 49. Calculate the highest common factor of m and 20.
10
Suppose 0 = -t - 3*t - 5*c - 16, -2*t - 6 = 2*c. Suppose 1 - 9 = -w. Suppose 4*r - w + 4 = 0. Calculate the greatest common factor of r and t.
1
Suppose 0 = -10*v + 15*v - 190. Calculate the greatest common factor of 19 and v.
19
Let i(k) be the second derivative of -5*k**3/2 - 4*k. Let w be i(-1). What is the greatest common divisor of 120 and w?
15
Suppose -n + 22 = -5*l, 2*n + n + l = 34. What is the greatest common divisor of n and 66?
6
Suppose -2*a + 2 = -a. What is the greatest common divisor of 14 and a?
2
Let p be 20/6 + 2/3. Suppose 0 - 48 = -p*c. Let u = 203 - 200. Calculate the greatest common divisor of u and c.
3
Let l = 26 - 18. Suppose -2*j + q + 5 = 0, 2 = -j + l*q - 3*q. What is the highest common factor of j and 1?
1
Suppose 5*p = -2*y + 2, 3*p + 1 + 0 = -y. Let b = -35 + 90. What is the highest common divisor of y and b?
11
Let f = 431 + -293. Suppose f = 2*m - 16. Let y(b) = -b**3 - 5*b**2 - 5*b + 3. Let p be y(-4). Calculate the highest common factor of m and p.
7
Suppose -151 = -5*o - 3*t, 3*o - 4*t - 73 = 35. Calculate the greatest common factor of 4 and o.
4
Let f(z) = 2*z - 3 + 2*z - z. Let o be f(7). Calculate the greatest common factor of o and 144.
18
Suppose -3*j + 3*x + 16 + 5 = 0, 4*j = 5*x + 24. Let q(l) = -l**2 + 16*l - 13. Let g be q(j). Calculate the greatest common divisor of g and 28.
14
Suppose -4*h + 33 = -103. Suppose -2*u - h = -4*k - 0*k, 2*k - 42 = -4*u. Suppose 0 = 3*r - 223 - 41. What is the greatest common divisor of r and k?
11
Suppose -5*j + 0*j + 4*a = -2, 16 = 4*j + 4*a. Let p be j - (-26)/(4/2). Calculate the greatest common divisor of p and 5.
5
Suppose 9*q = 453 - 93. What is the greatest common divisor of q and 5?
5
Suppose 0 = -9*p + 4*p + 140. Let d = 23 - 19. Suppose q + d*q = 35. What is the greatest common divisor of p and q?
7
Suppose -5*w = 5*j + 5, 2*j + 2*j + 5*w - 1 = 0. Let a(z) = z + 16. Let v be a(j). What is the greatest common divisor of 4 and v?
2
Let x(p) = p - 1. Let j be x(3). Let d = -10 + 26. Suppose -3*z + d = -z. Calculate the greatest common factor of z and j.
2
Suppose -4*g + 3*g = -75. Calculate the highest common factor of g and 15.
15
Let y(o) = -o**2 - 12*o - 11. Let h be y(-9). Suppose -f + h = f. What is the greatest common divisor of f and 12?
4
Suppose 0 = 3*o + 2*o + 20. Let x be (2/2)/(o/(-12)). Suppose 0 = -x*u + 22 + 5. What is the greatest common divisor of 36 and u?
9
Let j = 3 - 7. Let y = 9 - j. What is the highest common factor of y and 39?
13
Suppose 2*k - 2*i - 54 = -i, -3*k = -3*i - 78. Let l be 113/7 - 4/k. What is the highest common factor of 4 and l?
4
Let d = 83 + -80. Calculate the highest common divisor of d and 12.
3
Let j = 61 - 45. Let h(t) = -27*t - 3. Let r(n) = 109*n + 13. Let l(x) = 9*h(x) + 2*r(x). Let v be l(-1). Calculate the highest common divisor of v and j.
8
Let v be -3*((-11)/1 + 1). Let o(x) = x**3 - 5*x**2 - 14*x - 5. Let l be o(8). What is the greatest common factor of l and v?
15
Suppose 228 = 3*w - 300. Let m(a) = a**3 - 6*a**2 + 2*a + 4. Suppose -7 = -d - 1. Let z be m(d). Calculate the highest common factor of z and w.
16
Let c = 13 - 19. Let y = c + 28. What is the highest common divisor of 22 and y?
22
Let d be (2 + -1)/((-5)/(-45)). Suppose -17 = -4*z - d. Calculate the highest common divisor of 8 and z.
2
Suppose 0 = -5*p + s + 88, 4 = 5*s - 6. What is the highest common factor of p and 27?
9
Let y be 17/5 + (-8)/20. Suppose -48 = -7*q + y*q. Suppose 3*b - 9 = 2*d + 57, -b + 4*d + q = 0. Calculate the highest common divisor of b and 60.
12
Suppose -z - 170 = -5*p, -3*p - 5*z = -0*z - 130. What is the greatest common factor of p and 315?
35
Suppose 4*z = 4*s - 80, -14 = -s - 0*z - 5*z. Suppose 3*t - s = 5. Let n = 32 - 24. What is the highest common factor of n and t?
8
Let a = 26 + 0. What is the highest common factor of 65 and a?
13
Let v = 11 + -6. Let u(a) = 10*a - 10. Let b be u(5). What is the highest common factor of v and b?
5
Let h = -149 + 237. What is the highest common divisor of h and 11?
11
Let c be (187/(-33))/((4/6)/(-2)). Calculate the highest common divisor of c and 51.
17
Suppose -7 - 11 = -c. Suppose -2*u = -m - 10, 4*u = -u - m + c. Suppose 3*d - u = d. Calculate the greatest common factor of 2 and d.
2
Let k = -9 + 27. What is the greatest common factor of k and 6?
6
Let w(o) = -o - 6. Let p be w(-9). Let c(u) = 13*u**2 - u. Let g be c(1). Calculate the greatest common factor of p and g.
3
Let q be 2/9 - 730/45.